8
Let h(a) = -a**3 + 6*a**2 - 5*a - 4. Calculate h(5).
-4
Let o(k) = 3*k - 15. What is o(7)?
6
Let r(l) = -2*l**3 + 7*l - 7. Determine r(2).
-9
Let d(u) = -u**2 - 6*u - 9. Calculate d(-4).
-1
Let g(w) = -3*w**2 + 17*w + 10. Calculate g(6).
4
Let z(d) = 24*d - 75. What is z(3)?
-3
Let f(w) = 8*w + 17. Give f(3).
41
Let q(d) = d**3 - 14*d**2 - 4*d + 39. Give q(14).
-17
Let h(m) = -5*m**2 + 5*m + 1. What is h(1)?
1
Let l(d) = -9*d + 94. Calculate l(12).
-14
Let h(i) = i + 11. What is h(0)?
11
Let s(b) = -3*b**3 + 2*b**2 - 7*b + 1. Calculate s(3).
-83
Let m(o) = -2*o**3 + 2*o**2 + 2*o + 6. Give m(-3).
72
Let f(j) = -j**3 + 15*j**2 - 16*j + 48. Determine f(14).
20
Let p(o) = o**3 - 2*o**2 - 2*o + 3. Determine p(3).
6
Let v(p) = -5*p + 10. Calculate v(3).
-5
Let f(v) = -7*v + 2. Calculate f(-6).
44
Let p(c) = c**2 + 3*c + 5. Give p(-2).
3
Let p(g) = g**2 + 19*g + 1. Give p(-14).
-69
Let y(x) = x**2 + 8*x - 3. Calculate y(-7).
-10
Let i(z) = -z**2 + 5*z - 6. What is i(3)?
0
Let n(m) = m**2 - 3*m - 11. Calculate n(5).
-1
Let o(g) = -g**3 - 7*g**2 - 8*g - 5. Calculate o(-4).
-21
Let x(b) = b - 6. Calculate x(2).
-4
Let c(l) = 14*l - 13. What is c(10)?
127
Let n(i) = -i**3 - 6*i**2 - 9*i - 2. Determine n(-4).
2
Let s(d) = d**2 + 3*d - 5. Determine s(-4).
-1
Let w(a) = 2*a**3 - 67*a**2 + 38*a - 156. Give w(33).
9
Let g(r) = -r**2 - 12*r + 166. What is g(8)?
6
Let q(g) = 9*g + 9. Give q(-1).
0
Let t(c) = c**2 + 2*c + 29. Calculate t(0).
29
Let q(o) = o + 23. What is q(-12)?
11
Let n(a) = -a**3 - a**2 + 1. Determine n(1).
-1
Let s(u) = -2*u**2 + 3*u + 1. Give s(3).
-8
Let z(w) = -w**2 - 21*w - 77. Give z(-5).
3
Let h(d) = -d**3 - 8*d**2 + 37*d + 44. Give h(-11).
0
Let u(p) = 93*p + 668. Determine u(-7).
17
Let m(d) = -4*d**2 + 27*d + 7. Calculate m(7).
0
Let h(z) = -26*z + 202. Give h(8).
-6
Let s(g) = 7*g**3 + 2*g**2 + 2*g + 1. What is s(-1)?
-6
Let c(r) = 24*r**2 - r - 2. Calculate c(2).
92
Let d(h) = 78*h - 463. What is d(6)?
5
Let p(r) = -2*r**2 + 8*r - 8. Calculate p(5).
-18
Let c(s) = s**3 - 10*s**2 - 2*s + 13. Determine c(10).
-7
Let y(f) = f**2 + 10*f - 33. Determine y(-12).
-9
Let g(d) = 4*d + 17. Give g(8).
49
Let s(t) = 2*t + 2. Determine s(-10).
-18
Let x(h) = 2*h**2 - 35*h - 19. What is x(21)?
128
Let x(t) = t**2 + 11*t - 12. What is x(-9)?
-30
Let k(w) = -w**3 - w**2 + 12*w - 7. Calculate k(-4).
-7
Let z(h) = h - 4. Give z(10).
6
Let z(v) = v**3 - 13*v**2 - v + 19. Give z(13).
6
Let q(w) = -w**2 - 4*w + 119. What is q(9)?
2
Let t(n) = -10*n**2 + n + 1. Calculate t(-1).
-10
Let c(o) = -o**2 - 5*o + 2. Calculate c(-4).
6
Let d(y) = y**3 - y**2 + y + 28. Calculate d(0).
28
Let o(k) = k**2 - 15*k + 14. Give o(12).
-22
Let q(c) = 3*c**2 - 104*c - 44. Give q(35).
-9
Let w(o) = o - 7. Determine w(2).
-5
Let b(h) = -h**2 + 21*h + 30. What is b(22)?
8
Let s(i) = -2*i + 20. Give s(5).
10
Let l(f) = f**2 + 9*f + 1. Calculate l(-8).
-7
Let h(d) = -2*d**2 + 53*d + 37. Determine h(27).
10
Let z(v) = -v**3 + 41*v**2 + 83*v + 75. Calculate z(43).
-54
Let b(r) = 20*r + 18. Give b(-1).
-2
Let h(r) = -r**3 + 12*r**2 + 17*r - 19. Calculate h(13).
33
Let y(h) = 20*h - 128. Determine y(7).
12
Let q(t) = 3*t - 4. What is q(-1)?
-7
Let f(y) = y**3 - 5*y**2 + y - 5. Calculate f(4).
-17
Let j(k) = 15*k + 125. Calculate j(-8).
5
Let y(l) = l**3 + 10*l**2 + 17*l - 13. Give y(-3).
-1
Let o(h) = 2*h**2 - 17*h + 29. What is o(8)?
21
Let c(s) = s**3 - 7*s**2 - 76*s - 27. Determine c(13).
-1
Let h(a) = -a**2 - 9*a. Determine h(-11).
-22
Let w(g) = -g**3 - 21*g**2 - 40*g - 40. Calculate w(-19).
-2
Let l(t) = t**2 + 10*t + 13. Calculate l(-4).
-11
Let b(f) = f - 8. What is b(0)?
-8
Let n(i) = -i**3 + 26*i**2 + 2*i - 81. Calculate n(26).
-29
Let l(r) = 21*r**2 + 4*r + 2. Calculate l(-2).
78
Let i(v) = 2*v - 43. Determine i(29).
15
Let f(a) = 2*a + 18. Determine f(-8).
2
Let l(r) = 2*r**2 - 6*r - 5. Give l(4).
3
Let o(n) = 13*n + 6. Calculate o(-1).
-7
Let d(r) = -r**3 - 24*r**2 - r - 19. Determine d(-24).
5
Let m(z) = z**2 - 4*z - 10. What is m(-4)?
22
Let v(g) = -g**2 - 5*g + 3. Calculate v(2).
-11
Let z(g) = 3*g**2 + 32*g - 131. Give z(-14).
9
Let f(h) = -h**3 - 7*h**2 - 6*h + 5. Give f(-6).
5
Let l(j) = -j**3 - 10*j**2 - 16*j + 3. Determine l(-8).
3
Let j(z) = z**2 - 30*z + 10. Calculate j(30).
10
Let b(i) = i + 12. What is b(-9)?
3
Let q(s) = -23*s - 50. What is q(-2)?
-4
Let y(v) = -3*v + 28. What is y(-11)?
61
Let r(q) = 4*q**2 + 10*q. Give r(-3).
6
Let x(g) = -3*g + 24. Give x(3).
15
Let t(k) = 92*k**3 - 2*k**2 + 2*k. What is t(1)?
92
Let y(b) = -b**2 - 10*b + 36. Give y(-13).
-3
Let x(d) = -d**3 + 12*d**2 + 12*d + 10. Determine x(13).
-3
Let p(n) = -n**3 - 8*n**2 + 8. Determine p(-7).
-41
Let n(y) = y**3 - 12*y**2 + 33*y - 5. Determine n(5).
-15
Let t(x) = 2*x**2 - 4*x + 53. Calculate t(0).
53
Let v(x) = -2*x**2 - 3*x - 4. Calculate v(-3).
-13
Let o(j) = -2*j**2 + 2*j + 10. Give o(-6).
-74
Let g(f) = -170*f + 165. Determine g(1).
-5
Let t(i) = -i**2 - 2*i + 13. Give t(-5).
-2
Let i(x) = -18*x + 190. Determine i(10).
10
Let p(f) = -2*f**2 - 4*f - 6. Calculate p(-5).
-36
Let p(u) = -15*u - 7. Determine p(-5).
68
Let d(a) = 2*a**2 + 43*a - 228. Calculate d(-26).
6
Let m(d) = 8*d - 18. What is m(6)?
30
Let z(j) = j**3 + 6*j**2 + 5*j - 3. Determine z(-3).
9
Let h(a) = a**3 - 7*a**2 - 6*a - 9. Calculate h(8).
7
Let t(r) = -r**2 + 8*r + 1. What is t(5)?
16
Let m(c) = -c - 12. Give m(-1).
-11
Let g(j) = 2*j + 3. What is g(5)?
13
Let q(n) = -n**2 + 12*n - 36. Calculate q(5).
-1
Let c(o) = -3*o**2 + 2*o + 2. Determine c(3).
-19
Let q(h) = h**2 + 26*h + 64. Determine q(-22).
-24
Let b(d) = -d**3 + d**2 + d - 4. What is b(3)?
-19
Let i(z) = -z**3 + z**2 + 8*z - 5. What is i(4)?
-21
Let i(h) = -2*h**2 + 134*h - 10. Calculate i(67).
-10
Let w(i) = 9*i - 2. Calculate w(-1).
-11
Let s(y) = y**3 + 6*y**2 - 7*y - 1. Give s(-7).
-1
Let h(b) = -6*b + 60. What is h(10)?
0
Let x(n) = -10*n**2 - 6*n - 1. Calculate x(-4).
-137
Let n(p) = -7*p**3 + 2*p**2 - 2*p + 1. Calculate n(1).
-6
Let f(r) = r**2 + 12*r + 2. Give f(-12).
2
Let b(f) = -5*f + 11. What is b(-5)?
36
Let p(o) = -5*o**2 - 2*o - 2. Give p(-2).
-18
Let l(o) = -o**2 + 5*o. Determine l(0).
0
Let b(s) = 3*s**3 - 5*s + 4. Give b(1).
2
Let r(f) = -f**3 - 29*f**2 - 2*f - 33. Give r(-29).
25
Let r(w) = w + 3. Give r(0).
3
Let f(s) = -s**2 + 4. Give f(-3).
-5
Let q(j) = -j**2 + 3*j + 17. Determine q(-4).
-11
Let c(l) = -l**3 - 2*l**2 + 11*l + 20. Determine c(-5).
40
Let b(z) = -4*z - 2. Give b(4).
-18
Let r(i) = -i**2 + 2*i - 2. Calculate r(5).
-17
Let t(z) = -8*z - 2. What is t(1)?
-10
Let h(o) = -9*o + 7. Determine h(3).
-20
Let n(i) = -24*i**3 - 3*i**2 - 6*i - 4. Give n(-1).
23
Let c(s) = -5*s**2 - 2*s + 3. Determine c(3).
-48
Let k(c) = -c**2 - 17. Determine k(0).
-17
Let o(a) = a**2 - 3*a - 3. Give o(-3).
15
Let l(k) = 3*k + 10. Give l(-4).
-2
Let a(q) = q**3 - 6*q**2 + 2*q - 2. Give a(6).
10
Let a(j) = -j**2 - 58*j - 259. Give a(-53).
6
Let g(c) = c**2 + c + 131. Calculate g(0).
131
Let n(b) = -b - 13. What is n(-7)?
-6
Let u(d) = 3*d**3 - 13*d**2 + 7*d - 10. Determine u(4).
2
Let i(r) = r**2 + 9*r - 5. Calculate i(-9).
-5
Let n(q) = q**3 + 13*q**2 - 14*q + 9. Give n(-14).
9
Let t(h) = -3*h + 3. Calculate t(3).
-6
Let z(j) = -j**3 + 28*j**2 + 27*j - 4. Calculate z(29).
-62
Let q(u) = -u**3 + 34*u**2 + 35*u + 6. Give q(35).
6
Let f(c) = c**2 - 20*c + 60. What is f(16)?
-4
Let t(i) = i**2 - 2*i - 10. What is t(-4)?
14
Let t(a) = -10*a + 9. Calculate t(-3).
39
Let n(k) = -4*k + 13. What is n(7)?
-15
Let p(l) = l + 68. What is p(-26)?
42
Let i(f) = f**3 - 2*f**2 + f + 1. Calculate i(-2).
-17
Let r(f) = -12*f - 157. Determine r(-14).
11
Let c(l) = -l**2 - 19*l - 74. Give c(-16).
-26
Let q(o) = -o + 101. Determine q(0).
101
Let i(j) = j**3 - 2*j**2 + 6*j - 5. What is i(2)?
7
Let p(c) = -2*c + 51. Determine p(21).
9
Let g(p) = 60*p**3 + 2*p + 1. Give g(-1).
-61
Let l(w) = -86*w**3 + 3*w - 3. Calculate l(1).
-86
Let r(b) = -3*b**3 - 2*b**2 + 2*b + 79. Calculate r(0).
79
Let u(n) = -n**3 - 91*n**2 - 2*n - 178. What is u(-91)?
4
Let d(b) = -2*b**3 - 9*b**2 - 9*b - 25. Calculate d(-4).
-5
Let q(p) = p**3 - 4*p**2 - p + 9. Determine q(4).
5
Let p(g) = g**3 + g**2 - g + 26. What is p(0)?
26
Let f(l) = -l**3 + 22*l**2 - 5*l + 10. Calculate f(